05?
True
Does 40 divide 26489?
False
Is 86 a factor of 16082?
True
Is 1800 a multiple of 8?
True
Does 39 divide 2802?
False
Is 475 a multiple of 36?
False
Is 113 a factor of 49116?
False
Does 26 divide 6100?
False
Does 23 divide 14378?
False
Does 137 divide 5552?
False
Is 8580 a multiple of 11?
True
Is 62 a factor of 14855?
False
Is 22 a factor of 3743?
False
Does 108 divide 2376?
True
Does 85 divide 89250?
True
Is 33354 a multiple of 193?
False
Does 11 divide 19961?
False
Is 96 a multiple of 3?
True
Is 10304 a multiple of 23?
True
Is 2195 a multiple of 55?
False
Is 30204 a multiple of 18?
True
Is 3 a factor of 3304?
False
Does 33 divide 6518?
False
Is 23 a factor of 33994?
True
Is 17 a factor of 783?
False
Does 87 divide 12587?
False
Is 31 a factor of 13609?
True
Does 119 divide 10829?
True
Is 1374 a multiple of 11?
False
Is 37773 a multiple of 343?
False
Does 22 divide 1496?
True
Is 1084 a multiple of 6?
False
Is 13 a factor of 2729?
False
Is 90 a factor of 4414?
False
Is 5 a factor of 107?
False
Is 276 a multiple of 73?
False
Is 179 a multiple of 13?
False
Is 720 a multiple of 11?
False
Does 15 divide 662?
False
Is 8856 a multiple of 41?
True
Does 3 divide 14359?
False
Is 1380 a multiple of 80?
False
Is 30 a factor of 8921?
False
Does 5 divide 265?
True
Is 71 a factor of 6674?
True
Does 12 divide 324?
True
Is 1052 a multiple of 54?
False
Is 117 a multiple of 4?
False
Does 120 divide 10320?
True
Is 82 a factor of 12300?
True
Is 20 a factor of 125581?
False
Is 54 a factor of 825?
False
Does 4 divide 52?
True
Does 50 divide 1569?
False
Does 2 divide 35?
False
Is 332 a multiple of 40?
False
Is 5005 a multiple of 143?
True
Is 194312 a multiple of 227?
True
Is 109 a factor of 3706?
True
Is 7462 a multiple of 182?
True
Does 86 divide 29387?
False
Does 81 divide 9998?
False
Is 43574 a multiple of 12?
False
Does 32 divide 14176?
True
Does 15 divide 15285?
True
Is 745 a multiple of 5?
True
Is 22454 a multiple of 102?
False
Is 117 a multiple of 2?
False
Is 644 a multiple of 28?
True
Is 23 a factor of 2840?
False
Is 37 a factor of 9620?
True
Is 255 a multiple of 17?
True
Is 754 a multiple of 18?
False
Does 439 divide 69645?
False
Is 2 a factor of 7?
False
Is 78416 a multiple of 16?
True
Is 38 a factor of 4978?
True
Is 23 a factor of 2484?
True
Is 52434 a multiple of 54?
True
Is 226 a multiple of 76?
False
Does 65 divide 22233?
False
Does 15 divide 29963?
False
Is 81 a factor of 60507?
True
Is 10 a factor of 55922?
False
Does 21 divide 1590?
False
Is 7269 a multiple of 19?
False
Does 10 divide 196?
False
Is 173 a factor of 24047?
True
Is 71 a factor of 2294?
False
Does 459 divide 7419?
False
Is 5 a factor of 545?
True
Does 116 divide 17400?
True
Is 5 a factor of 1979?
False
Does 79 divide 1027?
True
Does 8 divide 238?
False
Is 2730 a multiple of 13?
True
Is 12 a factor of 600?
True
Does 106 divide 16122?
False
Is 4641 a multiple of 12?
False
Is 46 a factor of 1028?
False
Is 47250 a multiple of 15?
True
Does 23 divide 47687?
False
Is 866 a multiple of 30?
False
Is 207 a factor of 18616?
False
Does 138 divide 29394?
True
Is 8119 a multiple of 23?
True
Is 3280 a multiple of 80?
True
Is 616 a multiple of 6?
False
Is 10982 a multiple of 34?
True
Does 12 divide 372?
True
Is 10818 a multiple of 9?
True
Does 77 divide 2156?
True
Does 10 divide 1653?
False
Is 12 a factor of 6682?
False
Is 16 a factor of 53312?
True
Does 5 divide 975?
True
Is 27 a factor of 18549?
True
Does 15 divide 1723?
False
Does 52 divide 1040?
True
Is 442 a multiple of 34?
True
Is 44309 a multiple of 31?
False
Is 10 a factor of 1300?
True
Is 8 a factor of 1465?
False
Does 195 divide 19110?
True
Is 32558 a multiple of 146?
True
Is 259 a multiple of 8?
False
Does 8 divide 4495?
False
Does 23 divide 13655?
False
Is 147959 a multiple of 54?
False
Does 132 divide 19290?
False
Does 25 divide 5493?
False
Is 14 a factor of 42?
True
Is 6304 a multiple of 16?
True
Is 33 a factor of 9207?
True
Is 40 a factor of 1102?
False
Is 4 a factor of 2153?
False
Is 152 a multiple of 3?
False
Is 120 a multiple of 5?
True
Does 48 divide 1056?
True
Is 201 a multiple of 26?
False
Does 20 divide 500?
True
Is 21 a factor of 9157?
False
Is 414 a multiple of 23?
True
Does 27 divide 25245?
True
Does 60 divide 6960?
True
Does 10 divide 3201?
False
Is 125670 a multiple of 142?
True
Does 21 divide 16884?
True
Is 13 a factor of 572?
True
Does 32 divide 6114?
False
Is 23 a factor of 11049?
False
Is 6 a factor of 347?
False
Is 38352 a multiple of 16?
True
Does 26 divide 8944?
True
Is 9 a factor of 378?
True
Does 29 divide 39295?
True
Is 2065 a multiple of 109?
False
Does 5 divide 185?
True
Is 4 a factor of 415?
False
Is 7 a factor of 154?
True
Is 72 a multiple of 3?
True
Is 12 a factor of 26148?
True
Is 9278 a multiple of 196?
False
Is 456 a multiple of 114?
True
Is 4 a factor of 42576?
True
Is 3553 a multiple of 113?
False
Does 131 divide 3013?
True
Is 2 a factor of 123?
False
Does 3 divide 164?
False
Is 19140 a multiple of 15?
True
Is 16 a factor of 1057?
False
Is 1064 a multiple of 12?
False
Is 15 a factor of 12165?
True
Does 16 divide 272?
True
Is 66 a factor of 5074?
False
Is 218 a factor of 17004?
True
Is 261 a factor of 8456?
False
Is 121459 a multiple of 53?
False
Is 4169 a multiple of 11?
True
Is 37 a factor of 608?
False
Is 154 a multiple of 23?
False
Does 29 divide 3828?
True
Does 16 divide 1712?
True
Is 3492 a multiple of 22?
False
Does 6 divide 1854?
True
Is 4 a factor of 22?
False
Does 13 divide 7046?
True
Is 1626 a multiple of 37?
False
Is 41 a factor of 328?
True
Does 12 divide 600?
True
Is 9 a factor of 45558?
True
Is 9 a factor of 7290?
True
Is 47 a factor of 13160?
True
Is 11043 a multiple of 9?
True
Does 13 divide 477?
False
Is 399 a multiple of 11?
False
Is 51 a factor of 1208?
False
Does 17 divide 4520?
False
Is 231 a factor of 4300?
False
Is 2177 a multiple of 18?
False
Is 11918 a multiple of 16?
False
Is 38238 a multiple of 8?
False
Is 3 a factor of 9324?
True
Is 5 a factor of 3285?
True
Does 47 divide 10951?
True
Is 826 a multiple of 59?
True
Is 8468 a multiple of 4?
True
Is 17803 a multiple of 13?
False
Is 13228 a multiple of 37?
False
Is 15 a factor of 5175?
True
Is 117 a factor of 117033?
False
Is 3732 a multiple of 4?
True
Is 6237 a multiple of 99?
True
Is 1966 a multiple of 2?
True
Does 22 divide 462?
True
Does 28 divide 30520?
True
Does 71 divide 36039?
False
Is 875 a multiple of 35?
True
Is 7590 a multiple of 10?
True
Is 22 a factor of 20152?
True
Does 29 divide 132443?
True
Does 60 divide 1594?
False
Is 12616 a multiple of 38?
True
Is 378 a multiple of 54?
True
Does 7 divide 131?
False
Is 45 a factor of 405?
True
Is 42 a factor of 1606?
False
Is 30415 a multiple of 286?
False
Is 62928 a multiple of 76?
True
Is 644 a multiple of 4?
True
Is 76 a multiple of 2?
True
Is 4 a factor of 201?
False
Is 227 a factor of 86656?
False
Is 843 a multiple of 4?
False
Does 53 divide 8186?
False
Is 7 a factor of 11181?
False
Is 18 a factor of 1962?
True
Is 20 a factor of 7103?
False
Does 20 divide 11000?
True
Is 25 a factor of 10005?
False
Is 108 a multiple of 54?
True
Does 14 divide 2940?
True
Is 8707 a multiple of 4?
False
Does 25 divide 175?
True
Is 800 a multiple of 50?
True
Does 98 divide 111524?
True
Does 36 divide 11337?
False
Is 72718 a multiple of 103?
True
Is 37971 a multiple of 131?
False
Does 18 divide 44460?
True
Is 3 a factor of 30?
True
Is 332 a multiple of 166?
True
Is 204 a factor of 4809?
False
Is 103230 a multiple of 55?
False
Is 5562 a multiple of 6?
True
Is 96614 a multiple of 14?
True
Does 5 divide 120?
True
Is 1297 even?
False
Does 15 divide 2140?
False
Is 972 a multiple of 30?
False
Does 39 divide 14347?
False
Is 52 a factor of 2600?
True
Does 16 divide 224?
True
Is 87489 a multiple of 357?
False
Does 66 divide 7128?
True
Does 7 divide 1295?
True
Is 2877 a multiple of 41?
False
Does 99 divide 128583?
False
Is 44415 a multiple of 45?
True
Is 1261 a multiple of 27?
False
Is 2678 a multiple of 142?
False
Is 31608 a multiple of 72?
True
Is 644 a multiple of 11?
False
Is 17 a factor of 446?
False
Does 205 divide 45984?
False
Does 55 divide 2628?
False
Is 10 a factor of 5770?
True
Does 30 divide 378?
False
Does 314 divide 53380?
True
Is 131 a multiple of 4?
False
Does 18 divide 48096?
True